nvert 2045 (base 12) to base 9.
4728
Convert -9897 (base 15) to base 16.
-7e3d
What is -11011110 (base 2) in base 13?
-141
Convert -7544 (base 15) to base 8.
-60356
What is 17a (base 12) in base 7?
460
What is 2778 (base 10) in base 3?
10210220
212450 (base 7) to base 9
55585
Convert -2a25 (base 15) to base 3.
-110101122
12993 (base 12) to base 11
18262
354 (base 15) to base 7
2125
What is -221230 (base 6) in base 8?
-44022
What is -2513 (base 10) in base 7?
-10220
1bc64 (base 15) to base 7
524656
What is 352 (base 8) in base 5?
1414
138 (base 12) to base 4
2330
578 (base 11) to base 3
221120
42441 (base 7) to base 12
6103
What is 377 (base 11) in base 13?
285
-1022010201 (base 3) to base 8
-62017
Convert 33132 (base 4) to base 16.
3de
What is 9309 (base 11) in base 6?
133103
-12200011 (base 3) to base 12
-2487
Convert -1890 (base 14) to base 8.
-10526
Convert -233 (base 8) to base 14.
-b1
What is 100000010010 (base 2) in base 3?
2211112
Convert 1048 (base 14) to base 4.
223320
What is -13222 (base 4) in base 13?
-2b9
Convert 114 (base 8) to base 14.
56
What is -2770 (base 10) in base 7?
-11035
1805 (base 9) to base 8
2546
Convert 17411 (base 13) to base 15.
d355
Convert -20002010 (base 3) to base 5.
-120211
Convert -8299 (base 10) to base 15.
-26d4
-3324 (base 6) to base 7
-2152
-24161 (base 10) to base 9
-36125
What is -13111013 (base 4) in base 5?
-1430043
Convert -10404 (base 6) to base 12.
-a04
What is -c55e (base 16) in base 6?
-1025530
What is 2045 (base 6) in base 13?
296
What is 321123 (base 4) in base 11?
2841
What is -13a3 (base 11) in base 15?
-807
What is 11000110111101 (base 2) in base 7?
52060
-1793 (base 10) to base 2
-11100000001
-411 (base 7) to base 15
-d9
Convert -3030 (base 7) to base 13.
-62a
What is 425515 (base 6) in base 8?
104227
-221212202 (base 3) to base 10
-18866
Convert 1545 (base 6) to base 15.
1d5
What is -2cf5 (base 16) in base 4?
-2303311
726 (base 8) to base 7
1241
What is -2638 (base 12) in base 2?
-1000100001100
-241 (base 14) to base 16
-1c1
7abd (base 15) to base 2
110010111000101
11100011 (base 2) to base 3
22102
What is 1010100000 (base 2) in base 6?
3040
What is 2323 (base 5) in base 3?
110112
51631 (base 7) to base 10
12664
-102210 (base 3) to base 9
-383
What is -1607 (base 12) in base 5?
-40344
What is -57 (base 14) in base 9?
-85
What is -1321334 (base 5) in base 16?
-6765
Convert -101001000110 (base 2) to base 15.
-ba5
-3122 (base 4) to base 6
-1002
What is -131002 (base 5) in base 6?
-35423
What is 25054 (base 7) in base 5?
202211
Convert -6464 (base 8) to base 16.
-d34
What is 2735 (base 8) in base 5?
22001
Convert -3261 (base 7) to base 11.
-974
What is -2b0 (base 15) in base 7?
-1536
What is 110222102 (base 3) in base 9?
13872
What is -3139 (base 15) in base 12?
-6030
What is -11332 (base 5) in base 16?
-34a
Convert -15204 (base 8) to base 4.
-1222010
110000 (base 2) to base 8
60
What is -3ae3 (base 15) in base 16?
-312c
What is -c59 (base 13) in base 16?
-836
Convert 515d (base 15) to base 3.
212120121
1573 (base 13) to base 3
11022011
What is -1404 (base 5) in base 15?
-104
Convert -c9a (base 15) to base 4.
-230131
504 (base 10) to base 15
239
Convert 4621 (base 7) to base 14.
881
Convert -44 (base 15) to base 5.
-224
What is 25101 (base 6) in base 8?
7175
What is 6825 (base 12) in base 11?
874a
What is -2dd2 (base 15) in base 14?
-3852
Convert 13811 (base 11) to base 15.
5c29
What is -2c9 (base 14) in base 7?
-1442
1785 (base 9) to base 15
618
What is 40143 (base 8) in base 5?
1011413
What is -a070 (base 16) in base 2?
-1010000001110000
What is -685 (base 12) in base 6?
-4245
460 (base 7) to base 13
154
What is 646 (base 13) in base 2?
10000110000
Convert -10011110110101 (base 2) to base 9.
-14844
1223030 (base 4) to base 11
5177
What is -638 (base 10) in base 3?
-212122
Convert 650 (base 11) to base 15.
371
3322032 (base 4) to base 3
210222010
-652 (base 13) to base 10
-1081
Convert -36111 (base 8) to base 3.
-210011121
What is 343 (base 6) in base 11?
113
49 (base 12) to base 8
71
What is -1000110001 (base 2) in base 9?
-683
Convert -34567 (base 8) to base 7.
-60614
What is -4430 (base 9) in base 10?
-3267
What is 65614 (base 8) in base 13?
c6bb
-1323002 (base 5) to base 16
-6803
Convert 22112002 (base 3) to base 7.
24053
-162315 (base 8) to base 12
-29a91
Convert -447 (base 13) to base 12.
-513
Convert -12919 (base 11) to base 16.
-47ec
What is 2531 (base 8) in base 9?
1781
-3345 (base 6) to base 12
-555
Convert 1200a (base 11) to base 15.
51e3
-b635 (base 12) to base 2
-100110111001001
Convert -2278 (base 9) to base 8.
-3233
What is -a306 (base 11) in base 16?
-356f
290 (base 16) to base 14
34c
What is 1292 (base 10) in base 13?
785
What is -11011 (base 4) in base 6?
-1301
Convert -27069 (base 10) to base 8.
-64675
11011010110011 (base 2) to base 4
3122303
What is -1213113 (base 4) in base 5?
-202430
What is 100313 (base 4) in base 5?
13304
Convert -13202320 (base 4) to base 12.
-15a74
-297 (base 12) to base 14
-20b
612 (base 16) to base 8
3022
What is -33247 (base 10) in base 15?
-9cb7
101110000 (base 2) to base 6
1412
Convert 10001223 (base 4) to base 2.
100000001101011
What is -12928 (base 11) in base 3?
-221021022
What is -11242 (base 5) in base 3?
-1010110
What is 2489 (base 11) in base 9?
4403
What is 1717 (base 8) in base 15?
450
Convert 303011 (base 6) to base 16.
5daf
85 (base 10) to base 6
221
Convert -41431 (base 7) to base 15.
-302a
Convert -617 (base 13) to base 8.
-2012
Convert -100320 (base 4) to base 2.
-10000111000
4260 (base 13) to base 16
23f4
9c99 (base 13) to base 2
101010110100111
1012 (base 7) to base 9
431
-2312 (base 5) to base 11
-282
-c29 (base 16) to base 2
-110000101001
1b1 (base 14) to base 7
1011
-1110101 (base 2) to base 13
-90
-1210 (base 7) to base 2
-111000000
What is 110101111010010 (base 2) in base 15?
82a2
What is -1f35 (base 16) in base 15?
-2579
-16037 (base 11) to base 7
-123041
What is 42 (base 12) in base 2?
110010
What is 16333 (base 7) in base 11?
352a
edb0 (base 15) to base 11
34904
-104334 (base 5) to base 2
-111010000111
Convert -8dd (base 15) to base 16.
-7d8
-3023314 (base 5) to base 3
-2110122102
-20221123 (base 4) to base 16
-8a5b
What is -1703 (base 8) in base 2?
-1111000011
Convert -8674 (base 13) to base 16.
-48fd
5648 (base 9) to base 14
1743
What is 21300 (base 4) in base 2?
1001110000
What is 21201 (base 6) in base 8?
5501
What is -bae (base 15) in base 7?
-10460
Convert -722 (base 12) to base 14.
-53c
Convert b9a (base 14) to base 16.
8f4
399a (base 16) to base 15
4581
Convert 100110101010 (base 2) to base 14.
c8a
Convert 564 (base 8) to base 9.
453
What is 532520 (base 6) in base 13?
1699b
What is 13041 (base 8) in base 12?
3341
Convert -1b4 (base 15) to base 3.
-112121
What is -1022001 (base 3) in base 16?
-3b2
Convert 4299 (base 10) to base 4.
1003023
-1cc (base 13) to base 12
-241
What is 1010000101111 (base 2) in base 12?
2ba7
What is 287 (base 16) in base 15?
2d2
2a (base 11) to base 15
22
Convert -c4 (base 13) to base 3.
-12221
-20111110 (base 3) to base 16
-1281
Convert -1022211002 (base 3) to base 4.
-12113333
-160565 (base 7) to base 3
-1121012212
What is -2343 (base 12) in base 13?
-1a40
Convert 281a (base 13) to base 9.
7820
2304002 (base 5) to base 3
2002102020
-1202222 (base 3) to base 7
-3530
What is 27 (base 8) in base 9?
25
What is -1605 (base 15) in base 14?
-1a1c
Convert -7a1 (base 11) to base 12.
-67a
Convert 1001200 (base 4) to base 14.
1756
Convert -2042021 (base 5) to base 12.
-17823
What is -111010111101 (base 2) in base 10?
-3773
What is 11010 (base 4) in base 9?
400
Convert 28282 (base 9) to base 14.
6dca
186 (base 9) to base 3
12220
-2301000 (base 4) to base 12
-6680
Convert -7020 (base 8) to base 6.
-24400
What is 400 (base 14) in base 13?
484
Convert 103325 (base 6) to base 3.
102201122
What is -14a (base 11) in base 7?
-340
What is -2476 (base 8) in base 13?
-7c3
-9b (base 15) to base 11
-123
What is -3510 (base 6) in base 15?
-3a9
121122 (base 3) to base 6
2025
What is -2330113 (base 4) in base 10?
-12055
What is 21001221 (base 3) in base 6?
35511
What is -3d28 (base 16) in base 12?
-9088
Convert 380 (base 13) to base 9.
748
What is 264 (base 14) in base 10?
480
What is a459 (base 14) in base